rs of 923584?
2, 14431
What are the prime factors of 614941?
17, 61, 593
List the prime factors of 228502.
2, 43, 2657
What are the prime factors of 11108589?
3, 71, 52153
What are the prime factors of 921432?
2, 3, 38393
List the prime factors of 2753808.
2, 3, 103, 557
What are the prime factors of 3635921?
41, 88681
List the prime factors of 20124.
2, 3, 13, 43
What are the prime factors of 3001552?
2, 187597
List the prime factors of 840847.
7, 120121
What are the prime factors of 2943647?
7, 420521
List the prime factors of 283897.
73, 3889
What are the prime factors of 301370?
2, 5, 30137
List the prime factors of 731488.
2, 22859
What are the prime factors of 1747639?
19, 59, 1559
List the prime factors of 4145371.
4145371
List the prime factors of 1461605.
5, 67, 4363
List the prime factors of 890233.
41, 21713
List the prime factors of 239371.
11, 47, 463
What are the prime factors of 3726039?
3, 41, 30293
List the prime factors of 2487205.
5, 7, 179, 397
What are the prime factors of 6295760?
2, 5, 78697
What are the prime factors of 129557?
17, 7621
What are the prime factors of 5559588?
2, 3, 389, 397
What are the prime factors of 13436?
2, 3359
List the prime factors of 137898.
2, 3, 47, 163
List the prime factors of 481796.
2, 7, 17207
What are the prime factors of 190988?
2, 7, 19, 359
What are the prime factors of 2877681?
3, 959227
List the prime factors of 23502597.
3, 7834199
List the prime factors of 1795472.
2, 7, 17, 23, 41
List the prime factors of 15957119.
15957119
What are the prime factors of 20849031?
3, 7, 199, 1663
List the prime factors of 58952.
2, 7369
List the prime factors of 123149.
13, 9473
List the prime factors of 4945187.
13, 19, 20021
What are the prime factors of 15804540?
2, 3, 5, 87803
List the prime factors of 3401945.
5, 43, 15823
List the prime factors of 7512303.
3, 2504101
List the prime factors of 3098794.
2, 17, 91141
What are the prime factors of 2105780?
2, 5, 211, 499
List the prime factors of 20566285.
5, 499, 8243
What are the prime factors of 849242?
2, 61, 6961
List the prime factors of 1975203.
3, 219467
List the prime factors of 189589.
23, 8243
List the prime factors of 844784.
2, 37, 1427
List the prime factors of 797349.
3, 7, 43, 883
What are the prime factors of 435?
3, 5, 29
List the prime factors of 16243001.
2281, 7121
What are the prime factors of 2118128?
2, 132383
What are the prime factors of 6261753?
3, 67, 31153
What are the prime factors of 240809?
257, 937
What are the prime factors of 7033556?
2, 1758389
What are the prime factors of 770443?
29, 31, 857
What are the prime factors of 604865?
5, 19, 6367
What are the prime factors of 3289548?
2, 3, 467, 587
List the prime factors of 5076985.
5, 929, 1093
What are the prime factors of 342652?
2, 17, 5039
What are the prime factors of 321905?
5, 64381
List the prime factors of 165036.
2, 3, 17, 809
List the prime factors of 130165.
5, 7, 3719
List the prime factors of 84746.
2, 42373
What are the prime factors of 11467433?
11467433
What are the prime factors of 6210227?
61, 101807
What are the prime factors of 570327?
3, 151, 1259
List the prime factors of 20649897.
3, 84979
What are the prime factors of 190366?
2, 11, 17, 509
List the prime factors of 8929054.
2, 31, 79, 1823
List the prime factors of 1062861.
3, 347, 1021
What are the prime factors of 76793?
41, 1873
List the prime factors of 293131.
17, 43, 401
What are the prime factors of 1943582?
2, 61, 89, 179
What are the prime factors of 13480349?
41, 328789
What are the prime factors of 22279986?
2, 3, 937, 1321
What are the prime factors of 11734654?
2, 5867327
What are the prime factors of 86695?
5, 7, 2477
What are the prime factors of 86983?
13, 6691
List the prime factors of 28658425.
5, 43, 53, 503
List the prime factors of 71244.
2, 3, 1979
What are the prime factors of 130354?
2, 7, 9311
What are the prime factors of 298292?
2, 74573
What are the prime factors of 439135?
5, 71, 1237
What are the prime factors of 505759?
505759
What are the prime factors of 330483?
3, 110161
What are the prime factors of 35690945?
5, 251, 28439
What are the prime factors of 1803361?
7, 23, 487
List the prime factors of 1015010.
2, 5, 101501
What are the prime factors of 73394?
2, 36697
List the prime factors of 440170.
2, 5, 44017
What are the prime factors of 33379?
29, 1151
What are the prime factors of 3929004?
2, 3, 109139
List the prime factors of 1202442.
2, 3, 200407
List the prime factors of 10017136.
2, 233, 2687
List the prime factors of 9318958.
2, 11, 17, 24917
List the prime factors of 2163192.
2, 3, 173, 521
What are the prime factors of 8496901?
7, 419, 2897
What are the prime factors of 260313?
3, 86771
List the prime factors of 1530665.
5, 306133
List the prime factors of 197539.
197539
What are the prime factors of 27020771?
27020771
List the prime factors of 7192238.
2, 23, 156353
What are the prime factors of 7740390?
2, 3, 5, 7, 29, 31, 41
What are the prime factors of 282011?
282011
List the prime factors of 552765.
3, 5, 43, 857
List the prime factors of 155537.
155537
What are the prime factors of 272555?
5, 19, 151
What are the prime factors of 2516516?
2, 101, 6229
What are the prime factors of 10005138?
2, 3, 11, 13, 23
What are the prime factors of 49089?
3, 16363
What are the prime factors of 3411?
3, 379
What are the prime factors of 16346118?
2, 3, 19, 143387
List the prime factors of 24405899.
7, 19, 183503
What are the prime factors of 13434409?
73, 2521
List the prime factors of 964470.
2, 3, 5, 13, 2473
List the prime factors of 5087086.
2, 401, 6343
What are the prime factors of 251850?
2, 3, 5, 23, 73
What are the prime factors of 18900?
2, 3, 5, 7
List the prime factors of 13096740.
2, 3, 5, 218279
What are the prime factors of 525787?
19, 27673
List the prime factors of 249422.
2, 311, 401
What are the prime factors of 2013811?
23, 87557
What are the prime factors of 70034?
2, 19, 97
List the prime factors of 428222.
2, 19, 59, 191
What are the prime factors of 4660351?
59, 78989
What are the prime factors of 11394841?
53, 163, 1319
What are the prime factors of 559746?
2, 3, 11, 257
List the prime factors of 1639179.
3, 182131
List the prime factors of 6072094.
2, 7, 17, 31, 823
List the prime factors of 283847.
79, 3593
What are the prime factors of 526467?
3, 113, 1553
What are the prime factors of 254972?
2, 63743
What are the prime factors of 1216602?
2, 3, 67589
List the prime factors of 4271900.
2, 5, 42719
List the prime factors of 429047.
487, 881
List the prime factors of 374.
2, 11, 17
List the prime factors of 3719669.
3719669
What are the prime factors of 17346442?
2, 8673221
What are the prime factors of 192072?
2, 3, 53, 151
List the prime factors of 450264.
2, 3, 73, 257
List the prime factors of 207982.
2, 103991
What are the prime factors of 25875?
3, 5, 23
List the prime factors of 1518475.
5, 7, 8677
List the prime factors of 224021.
7, 32003
What are the prime factors of 376804?
2, 94201
What are the prime factors of 1747776?
2, 3, 9103
List the prime factors of 2813778.
2, 3, 11, 1579
List the prime factors of 6663864.
2, 3, 17, 16333
List the prime factors of 7262488.
2, 907811
What are the prime factors of 9517036?
2, 2379259
List the prime factors of 333343.
31, 10753
List the prime factors of 205882.
2, 311, 331
What are the prime factors of 32544?
2, 3, 113
List the prime factors of 175184.
2, 10949
What are the prime factors of 11012357?
83, 132679
List the prime factors of 3046887.
3, 338543
List the prime factors of 4526367.
3, 1508789
List the prime factors of 2489862.
2, 3, 414977
What are the prime factors of 455971?
211, 2161
What are the prime factors of 97671?
3, 7, 4651
What are the prime factors of 24192858?
2, 3, 953, 4231
What are the prime factors of 1768417?
7, 257, 983
What are the prime factors of 1821669?
3, 17, 23, 1553
List the prime factors of 1214777.
67, 18131
List the prime factors of 140155.
5, 28031
List the prime factors of 14654638.
2, 7327319
List the prime factors of 314567.
11, 28597
What are the prime factors of 4253416?
2, 19, 27983
List the prime factors of 96265.
5, 13, 1481
List the prime factors of 341202.
2, 3, 19, 41, 73
What are the prime factors of 964201?
7, 13